rs of o(2).
5, 11
Let i(q) = -16*q - 4. Suppose -4*l + 0*c + 20 = -4*c, 5*c = -3*l - 9. Let n be (-2*(-4)/(-16))/(l/12). What are the prime factors of i(n)?
2, 11
Let p(t) = 2*t + 4. Let i = -29 + 26. Let o be p(i). List the prime factors of (o/4)/((-3)/282).
47
Suppose -381*o = -363*o - 53334. What are the prime factors of o?
2963
Suppose s = 6*s - 4*k - 118758, 4*s + 5*k = 95031. What are the prime factors of s?
2, 3, 37, 107
Suppose -5*i - 99 = -334. Let a = 1019 - 1040. Let h = i + a. What are the prime factors of h?
2, 13
Let f(s) = 10*s**3 - 2*s**2 - 11*s + 55. What are the prime factors of f(5)?
2, 3, 5
Let c(d) be the third derivative of d**5/60 - 9*d**4/8 + 413*d**3/6 - d**2 - 47*d. List the prime factors of c(47).
3, 11, 41
Suppose -399455 + 75109 = -46*l. List the prime factors of l.
11, 641
Let s = 213 + -213. Suppose 3*x - 907 = 6*w - w, -3*x - 2*w + 935 = s. List the prime factors of x.
3, 103
Let n be (1296/10 - 9/15) + 1. Let h be (-1 + (-9)/(-5))/(n/325). Suppose 4*k + 3*v = 182 + 533, 6 = -h*v. List the prime factors of k.
181
Let q(s) = -17*s**2 - 1 + 1 + 1 + 95*s**3 + 15*s**2. Let h be q(-1). Let i = 177 + h. List the prime factors of i.
3
Suppose -4*i - 2093 + 120208 = o, -88602 = -3*i - 3*o. List the prime factors of i.
29527
Let a = -150 + 50. Suppose -18*n + 19*n = -200. Let h = a - n. List the prime factors of h.
2, 5
Suppose -5053 = -y - 9*w, 3*y - 5*y - 5*w + 10158 = 0. List the prime factors of y.
7, 727
Let n(y) = 6*y**2 - 10*y - 27. Let t be n(5). Suppose -65*m + t*m = 9328. List the prime factors of m.
2, 11, 53
Suppose -v + 7905 = g, 5*g - 6*v + 9*v = 39513. What are the prime factors of g?
3, 2633
Suppose 0 = 4*v - n - 15720, 5*v - 19639 = -23*n + 27*n. What are the prime factors of v?
3931
Let a = -380 - -385. Suppose 21*f = 22*f + a*c - 1013, 3*f = 2*c + 3056. List the prime factors of f.
2, 509
Let y = -29 - -44. Suppose 3*k + 0*k + y = 0. Let x(z) = 3*z**2 + 14. List the prime factors of x(k).
89
Suppose -9*m + 4*b = -413621, m - 45982 = 125*b - 128*b. List the prime factors of m.
19, 41, 59
Suppose 4*f - 27 = 21. Let m be 19 - (2/(-4) - 18/f). What are the prime factors of (426/(-8))/(-3 - m/(-8))?
2, 71
Let p(q) = 13 + 12 - 104*q**3 + 105*q**3 - 9 + 13*q**2 - 35*q. Let i(v) = -3*v**2 - 4*v. Let b be i(-3). What are the prime factors of p(b)?
7, 13
Let v = -77 - -44. Let n be (-159)/v - (40/22 - 2). Suppose n*t - 11*t = -594. What are the prime factors of t?
3, 11
Suppose 4*c = 5*w + 26, 5*w + 23 = 2*w - 5*c. What are the prime factors of w + -5 + 5 - -198?
2, 3
Let y(r) = -r**3 + 33*r**2 - 65*r + 94. What are the prime factors of y(17)?
3613
What are the prime factors of 36/30 + (-445480)/(-100)?
2, 557
Let c(s) = -654*s - 7063. List the prime factors of c(-60).
23, 1399
Let f(q) = 9*q**2 - 2. Let v be f(-1). Suppose 2082 = v*m - m. Let h = -246 + m. List the prime factors of h.
101
Let t = 1 - -34. Suppose -6*l + l = t. Let a(q) = -10*q + 12. What are the prime factors of a(l)?
2, 41
Let m(d) be the second derivative of 7*d**4/3 + 7*d**3/6 - 6*d**2 - 2*d + 148. What are the prime factors of m(6)?
2, 3, 173
Let b(z) = 9*z + 18. Let h be b(-2). Let o = 31 + h. List the prime factors of o.
31
Let m be (-348)/116*(-2)/3. Suppose m*h - 3*q = 1193, 5*h - 10*h - 3*q + 3014 = 0. What are the prime factors of h?
601
Let y(z) = -3674*z + 4030. What are the prime factors of y(-6)?
2, 13037
Suppose 427 = 5*y - 498. Suppose -y = -v - 3*k, -5*v - 3*k = -5*k - 1010. List the prime factors of v.
2, 5
Let g(c) = 315*c - 22. Let s be g(3). Suppose -9*x = -2552 + s. List the prime factors of x.
181
Let q(n) = 3*n**3 - 18*n**2 - 8*n - 61. What are the prime factors of q(22)?
3, 5, 7, 73
Let z(x) = x**2 - 23*x + 56. Let q be z(20). What are the prime factors of -5 - ((-381)/(-12) - 1)*q?
2, 59
Suppose 0 = 2*k + 10, -83*k - 53902 = -2*f - 81*k. List the prime factors of f.
2, 3, 499
Let g = -11608 + 17468. List the prime factors of g.
2, 5, 293
Suppose -20*n = -25*n + 5. Let k be ((-1)/(-1))/(n*(1 + -2)). What are the prime factors of 1 + 17/((1 + -2)/k)?
2, 3
Suppose -58*k = 77*k - 855090. List the prime factors of k.
2, 3167
Suppose -20*r + 4301 = 30*r - 49*r. What are the prime factors of r?
11, 17, 23
Let u(k) = -k**2 - 4*k + 18. Let q be u(-8). Let j(a) = a**3 + 14*a**2. Let g be j(q). What are the prime factors of (-1 + g)*-176 + -2?
2, 3, 29
Let f(u) be the second derivative of u**4/4 - 7*u**3/6 + 5*u**2/2 + 29*u + 1. What are the prime factors of f(4)?
5
Let r(h) = -3*h + 9. Let l be r(2). Suppose -l*b + 2 = w, -4*b = -4*w - w + 10. Suppose 77 = -0*i + 4*i + t, -w*t - 6 = 0. List the prime factors of i.
2, 5
Let v = -131 + 134. Suppose -u - 3*u = -5*f + 3179, 0 = -2*f + v*u + 1266. List the prime factors of f.
3, 71
Suppose -101 = -5*r - 46. Let j(t) = 198*t + 18. Let i be j(r). What are the prime factors of (i/48)/((-3)/(-8))?
2, 61
Suppose x - 4*w - 19 = -0*w, -2*w = 10. Let k(y) = -3*y**3 - 2*y**2 - 3*y - 2. Let p be k(x). Suppose 0*f = -p*f + 192. List the prime factors of f.
2, 3
Let l(q) = q**3 - 10*q**2 + 31*q - 35. Let t be l(6). Suppose -t*v + 7044 = 5*v. What are the prime factors of v?
587
Let i = -419 + 425. Suppose -2*s = 2*k - 1712, -k - 10*s + i*s + 859 = 0. What are the prime factors of k?
3, 5, 19
Let t = 344 - 331. Suppose 0 = t*m - 1351 - 1808. What are the prime factors of m?
3
Suppose 4*z + 4*f = 9128, -5*z + 11367 = -f - 61. List the prime factors of z.
5, 457
Let v = 8469 + 3744. List the prime factors of v.
3, 23, 59
Let p = -71915 - -126004. What are the prime factors of p?
7, 7727
Let p(b) be the second derivative of 5*b**3/6 - 13*b**2 - 64*b. List the prime factors of p(23).
89
Suppose 38128 = 4*p + 4*n, 5*p - n = 7*p - 19060. What are the prime factors of p?
2, 3, 397
Suppose -11*r = -51747 - 38519. List the prime factors of r.
2, 11, 373
Let d be (5 + (-7)/2)/((-6)/(-8)). Suppose -d*s + f = -871, -f + 1304 = s + 2*s. Suppose -6*q = -297 - s. What are the prime factors of q?
2, 61
Let d = -374 + 427. Let i = d + 208. What are the prime factors of i?
3, 29
Suppose -5*z - 2 = 4*s + 29, -4*z - 2*s - 20 = 0. Let k be (147/(-12) - 14/(-8))*(-24)/(-14). What are the prime factors of (-653)/(-3) + (-4)/k*z?
7, 31
Let v = -215 - -218. Suppose -4*w + 86 - 412 = -2*c, -5*c - v*w + 802 = 0. List the prime factors of c.
7, 23
Let h = 1536 - 173. Suppose 3*c - 2*c + 2*o = 451, 0 = 3*c + 4*o - h. List the prime factors of c.
461
Let m be -3 + (-4 - (-5 + -2)) - -12. Suppose 2 - m = -10*d. What are the prime factors of 21780/80 + d/(-4)?
2, 17
Suppose 0 = 2*m + 237 - 29. Let h = m - -105. Let r(g) = 43*g**2 - 5*g + 3. What are the prime factors of r(h)?
41
Suppose 45*t - 50*t - 9840 = -g, 0 = -3*g - 3*t + 29430. What are the prime factors of g?
5, 13, 151
Let r(q) = 1958*q - 7422. What are the prime factors of r(21)?
2, 3, 13
Let f = -35224 + 73799. List the prime factors of f.
5, 1543
List the prime factors of (16 - 1778/112)*294088.
36761
Suppose 0 = -54*q + 19*q + 70. Suppose 2*b + 2231 = 15*z - 10*z, -5*b + 875 = q*z. List the prime factors of z.
5, 89
Let o(y) = y**2 - 5*y - 1. Let t(c) = -c**2 - 52*c - 7. Let x(n) = 6*o(n) - t(n). Let d = 13 + -21. List the prime factors of x(d).
3, 7, 13
Let g = -1042 - -1482. Suppose g = -152*a + 156*a. List the prime factors of a.
2, 5, 11
Suppose 66*a = 431482 + 607358. List the prime factors of a.
2, 5, 787
Suppose -5*p + 0*p = -40. Let a(q) = 3*q + 2*q**3 - 4*q**3 + 4*q**2 - 2 - p*q**2. List the prime factors of a(-4).
2, 5
Let y = 204 + -200. Suppose y*l + 494 = d + d, d - 252 = 3*l. What are the prime factors of d?
3, 79
Suppose -4*f + 129056 = 4*u, 0 = 6*f + 2*u - 273166 + 79554. List the prime factors of f.
3, 31, 347
Let k(i) = 1 - 10*i + 18*i**2 - 2 - 3 + 18. List the prime factors of k(-4).
2, 3, 19
Let m(f) = 449*f - 1300. List the prime factors of m(43).
11, 1637
Let f(o) = -5*o**2 + 59*o + 1270. Let z(c) = c**2 - 4*c - 1. Let y(b) = f(b) + 6*z(b). What are the prime factors of y(0)?
2, 79
Let a be (222 + -3)*(-20)/(-75)*5. Suppose -176 - a = -2*z. What are the prime factors of z?
2, 3, 13
Suppose -9 = -5*o + s, o - 2*o - 4*s + 6 = 0. Let d = o + 33. Let c = d + 11. List the prime factors of c.
2, 23
What are the prime factors of (209 - 206) + 81